{"version":"1.0","provider_name":"Atenci\u00f3 Prim\u00e0ria Vallcarca - Sant Gervasi","provider_url":"https:\/\/aprimariavsg.com\/es\/","title":"Cambios en la asignaci\u00f3n de profesionales sanitarios - Atenci\u00f3 Prim\u00e0ria Vallcarca - Sant Gervasi","type":"rich","width":600,"height":338,"html":"<blockquote class=\"wp-embedded-content\" data-secret=\"7cQD3iUVrW\"><a href=\"https:\/\/aprimariavsg.com\/es\/cambios-en-la-asignacion-de-profesionales-sanitarios-2\/\">Cambios en la asignaci\u00f3n de profesionales sanitarios<\/a><\/blockquote><iframe sandbox=\"allow-scripts\" security=\"restricted\" src=\"https:\/\/aprimariavsg.com\/es\/cambios-en-la-asignacion-de-profesionales-sanitarios-2\/embed\/#?secret=7cQD3iUVrW\" width=\"600\" height=\"338\" title=\"\u00abCambios en la asignaci\u00f3n de profesionales sanitarios\u00bb \u2014 Atenci\u00f3 Prim\u00e0ria Vallcarca - Sant Gervasi\" data-secret=\"7cQD3iUVrW\" frameborder=\"0\" marginwidth=\"0\" marginheight=\"0\" scrolling=\"no\" class=\"wp-embedded-content\"><\/iframe><script>\n\/*! This file is auto-generated *\/\n!function(d,l){\"use strict\";l.querySelector&&d.addEventListener&&\"undefined\"!=typeof URL&&(d.wp=d.wp||{},d.wp.receiveEmbedMessage||(d.wp.receiveEmbedMessage=function(e){var t=e.data;if((t||t.secret||t.message||t.value)&&!\/[^a-zA-Z0-9]\/.test(t.secret)){for(var s,r,n,a=l.querySelectorAll('iframe[data-secret=\"'+t.secret+'\"]'),o=l.querySelectorAll('blockquote[data-secret=\"'+t.secret+'\"]'),c=new RegExp(\"^https?:$\",\"i\"),i=0;i<o.length;i++)o[i].style.display=\"none\";for(i=0;i<a.length;i++)s=a[i],e.source===s.contentWindow&&(s.removeAttribute(\"style\"),\"height\"===t.message?(1e3<(r=parseInt(t.value,10))?r=1e3:~~r<200&&(r=200),s.height=r):\"link\"===t.message&&(r=new URL(s.getAttribute(\"src\")),n=new URL(t.value),c.test(n.protocol))&&n.host===r.host&&l.activeElement===s&&(d.top.location.href=t.value))}},d.addEventListener(\"message\",d.wp.receiveEmbedMessage,!1),l.addEventListener(\"DOMContentLoaded\",function(){for(var e,t,s=l.querySelectorAll(\"iframe.wp-embedded-content\"),r=0;r<s.length;r++)(t=(e=s[r]).getAttribute(\"data-secret\"))||(t=Math.random().toString(36).substring(2,12),e.src+=\"#?secret=\"+t,e.setAttribute(\"data-secret\",t)),e.contentWindow.postMessage({message:\"ready\",secret:t},\"*\")},!1)))}(window,document);\n\/\/# sourceURL=https:\/\/aprimariavsg.com\/wp-includes\/js\/wp-embed.min.js\n<\/script>\n","thumbnail_url":"https:\/\/aprimariavsg.com\/wp-content\/uploads\/2021\/11\/pedraforca5-scaled.jpg","thumbnail_width":2560,"thumbnail_height":1707,"description":"Desde 2020 el CAP ha estado experimentando un incremento de la cantidad de trabajo asistencial para cada profesional sanitario del centro. Han aparecido nuevas tareas asistenciales Se han registrado nuevas personas usuarias Nos hemos encontrado con un aumento significativo de la demanda de atenci\u00f3n sanitaria Nace la necesidad de cubrir nuevas demandas, como la realizaci\u00f3n [&hellip;]"}

Atenció Primària Vallcarca - Sant Gervasi

Cambios en la asignación de profesionales sanitarios - Atenció Primària Vallcarca - Sant Gervasi

<blockquote class="wp-embedded-content" data-secret="7cQD3iUVrW"><a href="https://aprimariavsg.com/es/cambios-en-la-asignacion-de-profesionales-sanitarios-2/">Cambios en la asignación de profesionales sanitarios</a></blockquote><iframe sandbox="allow-scripts" security="restricted" src="https://aprimariavsg.com/es/cambios-en-la-asignacion-de-profesionales-sanitarios-2/embed/#?secret=7cQD3iUVrW" width="600" height="338" title="«Cambios en la asignación de profesionales sanitarios» — Atenció Primària Vallcarca - Sant Gervasi" data-secret="7cQD3iUVrW" frameborder="0" marginwidth="0" marginheight="0" scrolling="no" class="wp-embedded-content"></iframe><script>
/*! This file is auto-generated */
!function(d,l){"use strict";l.querySelector&&d.addEventListener&&"undefined"!=typeof URL&&(d.wp=d.wp||{},d.wp.receiveEmbedMessage||(d.wp.receiveEmbedMessage=function(e){var t=e.data;if((t||t.secret||t.message||t.value)&&!/[^a-zA-Z0-9]/.test(t.secret)){for(var s,r,n,a=l.querySelectorAll('iframe[data-secret="'+t.secret+'"]'),o=l.querySelectorAll('blockquote[data-secret="'+t.secret+'"]'),c=new RegExp("^https?:$","i"),i=0;i<o.length;i++)o[i].style.display="none";for(i=0;i<a.length;i++)s=a[i],e.source===s.contentWindow&&(s.removeAttribute("style"),"height"===t.message?(1e3<(r=parseInt(t.value,10))?r=1e3:~~r<200&&(r=200),s.height=r):"link"===t.message&&(r=new URL(s.getAttribute("src")),n=new URL(t.value),c.test(n.protocol))&&n.host===r.host&&l.activeElement===s&&(d.top.location.href=t.value))}},d.addEventListener("message",d.wp.receiveEmbedMessage,!1),l.addEventListener("DOMContentLoaded",function(){for(var e,t,s=l.querySelectorAll("iframe.wp-embedded-content"),r=0;r<s.length;r++)(t=(e=s[r]).getAttribute("data-secret"))||(t=Math.random().toString(36).substring(2,12),e.src+="#?secret="+t,e.setAttribute("data-secret",t)),e.contentWindow.postMessage({message:"ready",secret:t},"*")},!1)))}(window,document);
//# sourceURL=https://aprimariavsg.com/wp-includes/js/wp-embed.min.js
</script>

Desde 2020 el CAP ha estado experimentando un incremento de la cantidad de trabajo asistencial para cada profesional sanitario del centro. Han aparecido nuevas tareas asistenciales Se han registrado nuevas personas usuarias Nos hemos encontrado con un aumento significativo de la demanda de atención sanitaria Nace la necesidad de cubrir nuevas demandas, como la realización [&hellip;]
